{"version":"1.0","provider_name":"Concello de Vilalba","provider_url":"https:\/\/www.vilalba.gal\/es\/","author_name":"cultura","author_url":"https:\/\/www.vilalba.gal\/es\/author\/cultura\/","title":"Presentaci\u00f3n do libro \u201cCartafol de Miraxes\u201d &#187; Concello de Vilalba","type":"rich","width":600,"height":338,"html":"<blockquote class=\"wp-embedded-content\" data-secret=\"v4ERw093m1\"><a href=\"https:\/\/www.vilalba.gal\/es\/eventos\/presentacion-do-libro-rcartafol-de-miraxesr\/\">Presentaci\u00f3n do  libro \u201cCartafol de Miraxes\u201d<\/a><\/blockquote><iframe sandbox=\"allow-scripts\" security=\"restricted\" src=\"https:\/\/www.vilalba.gal\/es\/eventos\/presentacion-do-libro-rcartafol-de-miraxesr\/embed\/#?secret=v4ERw093m1\" width=\"600\" height=\"338\" title=\"\u00abPresentaci\u00f3n do  libro \u201cCartafol de Miraxes\u201d\u00bb \u2014 Concello de Vilalba\" data-secret=\"v4ERw093m1\" frameborder=\"0\" marginwidth=\"0\" marginheight=\"0\" scrolling=\"no\" class=\"wp-embedded-content\"><\/iframe><script>\n\/*! This file is auto-generated *\/\n!function(d,l){\"use strict\";l.querySelector&&d.addEventListener&&\"undefined\"!=typeof URL&&(d.wp=d.wp||{},d.wp.receiveEmbedMessage||(d.wp.receiveEmbedMessage=function(e){var t=e.data;if((t||t.secret||t.message||t.value)&&!\/[^a-zA-Z0-9]\/.test(t.secret)){for(var s,r,n,a=l.querySelectorAll('iframe[data-secret=\"'+t.secret+'\"]'),o=l.querySelectorAll('blockquote[data-secret=\"'+t.secret+'\"]'),c=new RegExp(\"^https?:$\",\"i\"),i=0;i<o.length;i++)o[i].style.display=\"none\";for(i=0;i<a.length;i++)s=a[i],e.source===s.contentWindow&&(s.removeAttribute(\"style\"),\"height\"===t.message?(1e3<(r=parseInt(t.value,10))?r=1e3:~~r<200&&(r=200),s.height=r):\"link\"===t.message&&(r=new URL(s.getAttribute(\"src\")),n=new URL(t.value),c.test(n.protocol))&&n.host===r.host&&l.activeElement===s&&(d.top.location.href=t.value))}},d.addEventListener(\"message\",d.wp.receiveEmbedMessage,!1),l.addEventListener(\"DOMContentLoaded\",function(){for(var e,t,s=l.querySelectorAll(\"iframe.wp-embedded-content\"),r=0;r<s.length;r++)(t=(e=s[r]).getAttribute(\"data-secret\"))||(t=Math.random().toString(36).substring(2,12),e.src+=\"#?secret=\"+t,e.setAttribute(\"data-secret\",t)),e.contentWindow.postMessage({message:\"ready\",secret:t},\"*\")},!1)))}(window,document);\n\/\/# sourceURL=https:\/\/www.vilalba.gal\/wp-includes\/js\/wp-embed.min.js\n<\/script>\n","description":"Presentaci\u00f3n do libro \u201cCartafol de Miraxes\u201d Este xoves 9 de maio de 2019, Aleixandre Lago Barcala estar\u00e1 en Vilalba para presentar o libro \u201cCartafol de Miraxes\u201d obra ga\u00f1adora do \u201cXLIV Certame Literario de Poes\u00eda do Concello de Vilalba\u201d do 2018. Estar\u00e1 acompa\u00f1ado neste acto por Xulio Xiz, secretario do xurado do Certame Literario de Poes\u00eda [&hellip;]","thumbnail_url":"http:\/\/vilalba.org\/wp-content\/uploads\/2019\/05\/Cartafol-de-miraxes-capa-alvarellos-2019WEB-PEQ-1-70x50.jpg"}

Presentación do libro “Cartafol de Miraxes” &#187; Concello de Vilalba

<blockquote class="wp-embedded-content" data-secret="v4ERw093m1"><a href="https://www.vilalba.gal/es/eventos/presentacion-do-libro-rcartafol-de-miraxesr/">Presentación do  libro “Cartafol de Miraxes”</a></blockquote><iframe sandbox="allow-scripts" security="restricted" src="https://www.vilalba.gal/es/eventos/presentacion-do-libro-rcartafol-de-miraxesr/embed/#?secret=v4ERw093m1" width="600" height="338" title="«Presentación do  libro “Cartafol de Miraxes”» — Concello de Vilalba" data-secret="v4ERw093m1" frameborder="0" marginwidth="0" marginheight="0" scrolling="no" class="wp-embedded-content"></iframe><script>
/*! This file is auto-generated */
!function(d,l){"use strict";l.querySelector&&d.addEventListener&&"undefined"!=typeof URL&&(d.wp=d.wp||{},d.wp.receiveEmbedMessage||(d.wp.receiveEmbedMessage=function(e){var t=e.data;if((t||t.secret||t.message||t.value)&&!/[^a-zA-Z0-9]/.test(t.secret)){for(var s,r,n,a=l.querySelectorAll('iframe[data-secret="'+t.secret+'"]'),o=l.querySelectorAll('blockquote[data-secret="'+t.secret+'"]'),c=new RegExp("^https?:$","i"),i=0;i<o.length;i++)o[i].style.display="none";for(i=0;i<a.length;i++)s=a[i],e.source===s.contentWindow&&(s.removeAttribute("style"),"height"===t.message?(1e3<(r=parseInt(t.value,10))?r=1e3:~~r<200&&(r=200),s.height=r):"link"===t.message&&(r=new URL(s.getAttribute("src")),n=new URL(t.value),c.test(n.protocol))&&n.host===r.host&&l.activeElement===s&&(d.top.location.href=t.value))}},d.addEventListener("message",d.wp.receiveEmbedMessage,!1),l.addEventListener("DOMContentLoaded",function(){for(var e,t,s=l.querySelectorAll("iframe.wp-embedded-content"),r=0;r<s.length;r++)(t=(e=s[r]).getAttribute("data-secret"))||(t=Math.random().toString(36).substring(2,12),e.src+="#?secret="+t,e.setAttribute("data-secret",t)),e.contentWindow.postMessage({message:"ready",secret:t},"*")},!1)))}(window,document);
//# sourceURL=https://www.vilalba.gal/wp-includes/js/wp-embed.min.js
</script>

Presentación do libro “Cartafol de Miraxes” Este xoves 9 de maio de 2019, Aleixandre Lago Barcala estará en Vilalba para presentar o libro “Cartafol de Miraxes” obra gañadora do “XLIV Certame Literario de Poesía do Concello de Vilalba” do 2018. Estará acompañado neste acto por Xulio Xiz, secretario do xurado do Certame Literario de Poesía [&hellip;]
